
-1320
What is -1952 (base 10) in base 11?
-1515
What is -26f4 (base 16) in base 9?
-14610
What is -15041 (base 6) in base 14?
-c37
Convert 1452 (base 10) to base 7.
4143
What is 3a4 (base 15) in base 11?
694
-1222 (base 10) to base 5
-14342
What is 831 (base 15) in base 5?
24341
What is 250 (base 8) in base 4?
2220
Convert 2ebb (base 15) to base 2.
10011101011100
-133411 (base 5) to base 11
-4133
Convert -100100021 (base 3) to base 9.
-10307
-1010211 (base 3) to base 5
-11312
-56d (base 15) to base 12
-864
What is 164a5 (base 11) in base 13?
a758
Convert a347 (base 11) to base 14.
5004
1816 (base 9) to base 6
10240
What is 1340 (base 12) in base 13?
100b
What is 20860 (base 9) in base 16?
3600
21211 (base 5) to base 16
597
Convert -14663 (base 7) to base 14.
-16da
What is -57076 (base 8) in base 11?
-17143
-10445 (base 6) to base 12
-a25
12121 (base 3) to base 9
177
-124 (base 11) to base 2
-10010011
-436 (base 16) to base 14
-570
What is 1212101 (base 4) in base 15?
1e15
3e69 (base 15) to base 3
200100100
Convert 100001010001101 (base 2) to base 6.
210513
-110111000110 (base 2) to base 14
-13dc
What is -1421424 (base 5) in base 7?
-152224
-540 (base 7) to base 14
-157
What is -1102111 (base 3) in base 10?
-1039
66 (base 11) to base 6
200
What is 3212 (base 7) in base 6?
5132
Convert 22334 (base 8) to base 6.
111404
What is -10101011000100 (base 2) in base 4?
-2223010
What is -210212 (base 4) in base 14?
-bd4
What is -4a14 (base 14) in base 11?
-9807
What is -2243110 (base 5) in base 7?
-225541
What is -49561 (base 10) in base 9?
-74877
What is 409a (base 11) in base 14?
1da1
-4346 (base 7) to base 12
-a95
What is 22640 (base 10) in base 13?
a3c7
-424024 (base 7) to base 6
-1323524
Convert 8738 (base 11) to base 3.
120211021
3104 (base 6) to base 8
1260
What is -706 (base 8) in base 9?
-554
Convert 2404 (base 6) to base 13.
358
Convert 201002 (base 3) to base 9.
632
What is 148f (base 16) in base 2?
1010010001111
What is b5 (base 13) in base 7?
301
What is 5379 (base 10) in base 14?
1d63
-650 (base 10) to base 3
-220002
-25144 (base 7) to base 11
-4a59
What is 100253 (base 6) in base 8?
17311
Convert -245120 (base 8) to base 3.
-11021222212
Convert -14406 (base 10) to base 5.
-430111
10145 (base 6) to base 15
60b
Convert 2757 (base 10) to base 7.
11016
What is 12462 (base 8) in base 15?
191b
What is 6cc (base 13) in base 10?
1182
What is -3102 (base 8) in base 7?
-4446
Convert -111001111000111 (base 2) to base 11.
-202a5
4158 (base 11) to base 15
1973
What is -210101 (base 3) in base 5?
-4302
3537 (base 12) to base 2
1011100111011
Convert -4a23 (base 12) to base 14.
-30a7
-1240 (base 6) to base 12
-220
Convert 2408a (base 11) to base 6.
424400
Convert -2453 (base 7) to base 5.
-12140
-29562 (base 10) to base 6
-344510
What is 11a6 (base 12) in base 9?
2660
12212201 (base 3) to base 5
114120
What is 312321 (base 5) in base 7?
42064
-10212 (base 5) to base 14
-36a
What is -113 (base 11) in base 7?
-252
What is -101100101110110 (base 2) in base 6?
-254010
Convert 11110111 (base 2) to base 15.
117
Convert 209 (base 12) to base 3.
102000
What is -128 (base 10) in base 3?
-11202
What is -34243 (base 5) in base 14?
-c6c
Convert 263606 (base 7) to base 2.
1100000011000101
Convert -31 (base 8) to base 15.
-1a
What is -258 (base 13) in base 6?
-1523
-2002211111 (base 3) to base 12
-1bb87
-66b (base 13) to base 9
-1455
6a (base 12) to base 2
1010010
What is -713 (base 8) in base 10?
-459
205032 (base 6) to base 11
11569
What is -100000001011000 (base 2) in base 13?
-7661
Convert 272 (base 15) to base 5.
4212
-ab85 (base 12) to base 6
-223445
Convert -1000101110 (base 2) to base 3.
-202200
What is -11334 (base 5) in base 2?
-1101001100
Convert -1122022 (base 3) to base 2.
-10010101100
Convert -11a (base 15) to base 9.
-307
-4153 (base 8) to base 16
-86b
-1501 (base 11) to base 4
-132101
Convert 1432 (base 7) to base 16.
232
12162 (base 11) to base 2
100010001010100
Convert -1469b (base 12) to base 14.
-a611
Convert aac (base 15) to base 2.
100101101100
What is 2344 (base 7) in base 15?
3ca
What is 41bc (base 16) in base 15?
4ebd
What is 8369 (base 12) in base 7?
56541
287 (base 10) to base 5
2122
What is 1020555 (base 6) in base 2?
1100000100110111
What is -4031 (base 11) in base 8?
-12356
19c (base 14) to base 2
101001110
What is -42c9 (base 14) in base 15?
-364a
256 (base 10) to base 5
2011
Convert -2907 (base 14) to base 16.
-1c5b
What is 22034 (base 6) in base 14?
1178
What is 125 (base 14) in base 3?
22111
-12101022 (base 4) to base 14
-94dc
What is -2548 (base 12) in base 13?
-1c07
What is -b209 (base 13) in base 10?
-24514
1444 (base 6) to base 5
3023
Convert -2022210 (base 3) to base 7.
-4641
What is 12213 (base 5) in base 11?
779
What is -10130 (base 4) in base 5?
-2114
What is -10011000200 (base 3) in base 10?
-61983
What is 1615b (base 15) in base 2?
10001011000010010
Convert -12401 (base 11) to base 5.
-1032123
Convert 110101001011 (base 2) to base 7.
12631
What is -1111011101010 (base 2) in base 16?
-1eea
What is 40014 (base 6) in base 11?
39a2
What is 2161 (base 7) in base 9?
1054
Convert 103222 (base 6) to base 13.
3b48
44034 (base 5) to base 8
5713
-6732 (base 12) to base 10
-11414
Convert -33038 (base 9) to base 16.
-5591
What is 137 (base 13) in base 11?
186
What is -254043 (base 6) in base 10?
-22923
Convert -2114401 (base 5) to base 13.
-13287
1252 (base 6) to base 12
228
Convert 8b4b (base 13) to base 6.
230134
What is 1783 (base 10) in base 14?
915
What is 122210 (base 3) in base 13?
2ac
1010011101110 (base 2) to base 10
5358
-56 (base 11) to base 5
-221
4277 (base 11) to base 14
20b8
What is 212210100 (base 3) in base 5?
1023333
10524 (base 6) to base 2
10111010100
What is 2038 (base 9) in base 7?
4232
5c7 (base 13) to base 14
520
Convert 1134 (base 9) to base 15.
3b1
Convert -6d (base 14) to base 6.
-241
31126 (base 10) to base 13
11224
-57356 (base 8) to base 6
-304302
Convert 202322 (base 5) to base 6.
50255
Convert 100111011110 (base 2) to base 15.
b36
What is -10102100 (base 3) in base 5?
-34433
Convert 3429 (base 14) to base 5.
242203
Convert -3101142 (base 5) to base 13.
-19ab5
Convert 402 (base 14) to base 9.
1063
10560 (base 7) to base 5
41223
Convert -1e08 (base 15) to base 14.
-2549
-577 (base 15) to base 14
-645
What is 21000 (base 4) in base 8?
1100
What is -2a4 (base 16) in base 3?
-221001
What is -10 (base 11) in base 12?
-b
What is -1000101010000 (base 2) in base 13?
-202c
Convert d15 (base 15) to base 13.
1457
4b5 (base 12) to base 4
23021
Convert 40 (base 7) to base 12.
24
-8c0 (base 14) to base 3
-2101022
What is 1061 (base 15) in base 11?
2671
-12311 (base 4) to base 7
-1163
3075 (base 12) to base 15
1868
-982 (base 12) to base 11
-1058
Convert 11012 (base 7) to base 2.
101011000001
What is -2e43 (base 16) in base 11?
-8997
-100210022 (base 3) to base 9
-10708
What is 22003 (base 4) in base 12?
457
What is -2102 (base 10) in base 6?
-13422
What is -1177 (base 12) in base 5?
-30323
2875 (base 13) to base 10
5842
-213213 (base 4) to base 6
-15423
What is 49553 (base 10) in base 15?
ea38
What is -255 (base 10) in base 16?
-ff
Convert 2b09 (base 14) to base 16.
1de5
2222021 (base 3) to base 13
ca9
-1620 (base 8) to base 14
-492
What is -44 (base 6) in base 7?
-40
1c80 (base 16) to base 6
53440
Convert -342 (base 10) to base 7.
-666
-10303302 (base 4) to base 16
-4cf2
What is 273 (base 16) in base 14?
32b
What is -1001001100000 (base 2) in base 14?
-1a00
Convert -d0 (base 14) to base 16.
-b6
Convert 155005 (base 8) to base 10.
55813
-c29b (base 13) to base 3
-1100210201
Convert -c9a (base 15) to base 16.
-b1d
What is -493d (base 14) in base 6?
-135123
What is 520032 (base 6) in base 15?
c462
-1417 (base 11) to base 4
-130221
What is 2c5 (base 14) in base 10?
565
Convert 10121112111 (base 3) to base 5.
4233404
125 (base 8) to base 7
151
Convert 2001022012 (base 3) to base 10.
40316
-64a7 (base 12) to base 8
-25477
What is -171 (base 14) in base 9?
-357
Convert -33760 (base 9) to base 15.
-69e6
What is -2a9 (base 16) in base 7?
-1662
803 (base 15) to base 16
70b
What is -1717 (base 12) in base 6?
-20431
Convert -212000120 (base 3) to base 8.
-40616
What is 1001000100110 (base 2) in base 6?
33302
What is -1430 (bas